 common divisor of 178 and 4801418?
2
Calculate the highest common divisor of 7226 and 638261741.
3613
What is the greatest common factor of 2 and 21738566?
2
What is the greatest common factor of 2525 and 39575?
25
Calculate the greatest common divisor of 13783 and 112739.
11
What is the highest common divisor of 35142230 and 9060?
1510
What is the greatest common factor of 2134043 and 24257?
191
What is the highest common divisor of 315 and 1176805?
35
What is the greatest common factor of 3159 and 4268781?
243
What is the highest common divisor of 1899699 and 289?
17
Calculate the highest common divisor of 638 and 61289789.
319
What is the greatest common divisor of 183 and 9305001?
183
What is the greatest common divisor of 143 and 15720991?
143
Calculate the highest common divisor of 625 and 287675.
25
What is the greatest common factor of 43701101 and 51?
17
Calculate the greatest common factor of 32391 and 7493.
59
What is the highest common divisor of 305766 and 978?
6
Calculate the greatest common divisor of 154 and 959970.
22
Calculate the highest common divisor of 219955945 and 49357.
7051
Calculate the greatest common factor of 1027 and 2385247.
79
Calculate the greatest common divisor of 10428 and 2883816.
948
What is the greatest common divisor of 1969275 and 33418?
2387
Calculate the greatest common factor of 6135 and 83180375.
2045
Calculate the greatest common factor of 1584 and 104714192.
176
Calculate the greatest common factor of 791420 and 1120.
140
Calculate the highest common factor of 97 and 371911.
1
Calculate the highest common factor of 10 and 14686395.
5
What is the highest common factor of 90 and 1682598?
6
Calculate the highest common factor of 4129606 and 884.
442
What is the greatest common divisor of 14868576 and 648?
216
Calculate the greatest common divisor of 174 and 342207.
3
What is the highest common factor of 6310 and 17370?
10
What is the greatest common divisor of 2220900 and 372?
12
Calculate the greatest common factor of 17657164 and 84.
28
Calculate the greatest common factor of 1303434 and 766806.
1362
What is the greatest common divisor of 202220368 and 122?
122
What is the greatest common factor of 13 and 1344047549?
13
What is the greatest common divisor of 21620 and 878140?
460
What is the highest common divisor of 8524187 and 2009?
2009
What is the highest common divisor of 105181797 and 21?
21
Calculate the greatest common divisor of 98161632 and 32.
32
Calculate the highest common divisor of 45887090 and 95.
95
What is the greatest common factor of 84249 and 264957?
1221
What is the highest common divisor of 2550057 and 87?
87
Calculate the greatest common factor of 225 and 22291150.
25
Calculate the highest common divisor of 5581354 and 3693.
1231
What is the greatest common factor of 146933873 and 68?
17
Calculate the greatest common divisor of 6631 and 14637409.
349
What is the greatest common factor of 25555334 and 56?
14
Calculate the highest common factor of 860321 and 847.
77
What is the greatest common divisor of 173818 and 92504?
746
Calculate the highest common divisor of 80881 and 9077.
29
Calculate the greatest common factor of 7299 and 4758137.
811
Calculate the greatest common divisor of 349713 and 3810975.
8967
What is the greatest common factor of 404 and 179565274?
202
Calculate the highest common factor of 44667 and 60765554.
709
What is the highest common factor of 9 and 122575461?
3
What is the greatest common factor of 5624325 and 6525?
225
Calculate the highest common factor of 382737191 and 155.
31
Calculate the greatest common divisor of 13056 and 10842600.
408
Calculate the highest common factor of 87531 and 366750.
489
Calculate the highest common divisor of 779 and 57778430.
779
What is the highest common divisor of 254228 and 624?
52
Calculate the highest common factor of 256 and 10216136.
8
What is the highest common divisor of 52258 and 1989?
17
Calculate the greatest common divisor of 377543100 and 3300.
3300
What is the greatest common factor of 284800 and 942400?
1600
Calculate the greatest common divisor of 803 and 359931099.
803
Calculate the highest common factor of 854 and 826392.
14
Calculate the highest common divisor of 53727648 and 120.
24
What is the greatest common divisor of 402 and 354934443?
201
What is the highest common factor of 2748 and 118704?
12
Calculate the highest common factor of 208234251 and 3096.
387
Calculate the greatest common factor of 703514 and 1228718.
3242
What is the highest common divisor of 96 and 14711685?
3
What is the highest common factor of 1498946 and 39022?
358
Calculate the greatest common factor of 50445 and 778446.
531
What is the greatest common factor of 1256752 and 820848?
784
What is the greatest common divisor of 74000283 and 91?
7
Calculate the greatest common divisor of 757200 and 15792.
48
What is the highest common factor of 167948 and 681508?
1388
What is the highest common factor of 4702085 and 615?
205
Calculate the greatest common factor of 311015775 and 13846.
6923
What is the greatest common divisor of 453753 and 10269?
9
What is the greatest common divisor of 31591557 and 6012?
1503
Calculate the highest common divisor of 309110583 and 3.
3
What is the highest common factor of 38437 and 1198862?
133
What is the greatest common divisor of 1965538379 and 14?
7
What is the highest common divisor of 54729 and 504?
9
What is the greatest common divisor of 2146403 and 952?
119
Calculate the greatest common factor of 2601703 and 260.
13
Calculate the highest common factor of 522958 and 83276.
382
Calculate the highest common factor of 1000 and 110100200.
200
Calculate the highest common factor of 1807 and 719303.
13
What is the greatest common divisor of 1524598 and 57?
19
What is the greatest common divisor of 5316 and 174474664?
1772
What is the highest common divisor of 90896413 and 2578?
1289
Calculate the greatest common factor of 1584 and 258924.
12
What is the greatest common factor of 300 and 31554480?
60
Calculate the greatest common factor of 381957 and 146433.
57
What is the highest common factor of 24978408 and 51324?
1092
Calculate the highest common divisor of 562798 and 36437.
439
What is the greatest common divisor of 11368994 and 637?
91
Calculate the highest common factor of 135 and 111656394.
27
Calculate the greatest common divisor of 7521074 and 2888.
722
What is the highest common divisor of 294506759 and 17?
17
What is the greatest common factor of 650517 and 357?
21
What is the highest common divisor of 342116 and 6052?
356
What is the greatest common divisor of 43254 and 2990?
2
Calculate the highest common factor of 50673 and 758898.
399
Calculate the greatest common divisor of 70770 and 55230.
210
What is the highest common factor of 134785608 and 3556?
508
Calculate the highest common factor of 1193206778 and 802.
802
Calculate the highest common factor of 42375 and 934623.
339
What is the greatest common divisor of 3038 and 514507?
217
Calculate the greatest common divisor of 5488 and 26992042.
686
What is the greatest common factor of 99625753 and 60867?
6763
What is the greatest common divisor of 188930 and 2590?
70
What is the greatest common divisor of 10704434 and 26?
26
What is the highest common divisor of 435383 and 679210?
313
Calculate the highest common divisor of 614 and 7096612.
614
Calculate the highest common factor of 532994 and 7546.
154
What is the greatest common divisor of 62998 and 14736686?
4846
Calculate the greatest common divisor of 885 and 1159328465.
295
Calculate the highest common divisor of 123893 and 5885.
11
What is the highest common divisor of 232254 and 53538066?
7038
Calculate the greatest common divisor of 946 and 1827328.
86
What is the highest common divisor of 140 and 4746462?
14
What is the greatest common divisor of 135 and 11117952?
27
What is the highest common divisor of 220 and 5319908?
44
Calculate the greatest common divisor of 438 and 201286842.
438
Calculate the highest common divisor of 3353678 and 1888.
118
What is the highest common factor of 457347 and 33000?
33
Calculate the greatest common factor of 51075 and 51114725.
5675
Calculate the greatest common divisor of 3409384 and 4301.
187
What is the highest common fac